*f + 6845. Calculate h(-36).
5
Let h(k) = 5*k**2 + 54*k + 54. What is h(-1)?
5
Let j(n) = -n**2 + 213*n - 8277. Determine j(162).
-15
Let i(z) = -4*z - 1. Determine i(-17).
67
Let r(d) = -97*d**2 + 1359*d - 24. Calculate r(14).
-10
Let k(t) = -4*t**2 + 322*t - 480. Give k(79).
-6
Let w(k) = -2*k**2 + 35*k + 13. Give w(21).
-134
Let u(m) = 3*m**2 - 49*m + 45. Give u(17).
79
Let g(b) = -8*b + 27. What is g(6)?
-21
Let g(j) = j**2 + 148*j - 1350. Calculate g(9).
63
Let f(i) = i**3 + 55*i**2 + 32*i + 1757. Calculate f(-55).
-3
Let u(c) = -c**2 - 32*c + 545. Calculate u(-43).
72
Let x(t) = -149*t + 11976. Calculate x(80).
56
Let q(x) = -4*x**3 + 22*x**2 - 33*x + 227. Determine q(6).
-43
Let r(f) = -16*f + 166. Give r(24).
-218
Let s(x) = x**3 - 1037*x**2 + 21336*x + 4. What is s(21)?
4
Let n(q) = 13*q + 169. Give n(-12).
13
Let r(c) = 7*c**2 - 24*c + 27. Determine r(2).
7
Let t(a) = 906*a - 9054. Calculate t(10).
6
Let s(r) = r**2 - 2*r - 75. Calculate s(12).
45
Let d(y) = -21*y - 540. Give d(0).
-540
Let h(w) = 3*w**2 + 211*w + 274. Give h(-69).
-2
Let i(s) = 5*s**3 - 139*s**2 - 41*s + 51. Give i(28).
-313
Let t(z) = 66*z + 4119. Give t(-62).
27
Let r(w) = -22*w**2 - 21*w - 53. Calculate r(0).
-53
Let c(r) = -109*r - 239. Give c(-2).
-21
Let j(f) = -407*f + 6103. Calculate j(15).
-2
Let m(o) = -8*o + 128. Calculate m(2).
112
Let c(v) = 60*v + 3124. Determine c(-52).
4
Let m(g) = -2*g**3 - 24*g**2 + 21*g - 60. What is m(-13)?
5
Let i(y) = 7*y**2 + 25*y - 16. Calculate i(-4).
-4
Let m(q) = q**3 - 6*q**2 - 118*q + 30. Determine m(-11).
-729
Let v(m) = 2*m**2 - 111*m + 1355. Calculate v(18).
5
Let x(h) = 291*h + 5006. Give x(-17).
59
Let t(s) = s**3 - 124*s**2 + 2*s - 225. Give t(124).
23
Let t(v) = -v**2 + 63*v - 174. Determine t(61).
-52
Let h(c) = -22*c + 410. Calculate h(18).
14
Let n(y) = -2*y**3 + 18*y**2 - 8*y - 62. Determine n(8).
2
Let j(n) = -161*n + 4355. Determine j(29).
-314
Let h(s) = 51*s - 233. Give h(4).
-29
Let g(x) = -16*x - 12. What is g(13)?
-220
Let r(x) = x**3 + 56*x**2 - 51*x + 285. Determine r(-57).
-57
Let n(k) = 2*k**3 + 5*k**2 - 105*k - 12. Give n(8).
492
Let v(y) = 7*y - 170. Calculate v(27).
19
Let w(k) = k**3 - k**2 - 34*k - 32. What is w(7)?
24
Let k(x) = 339*x + 1740. Give k(-5).
45
Let f(l) = 6*l**2 - 102*l + 422. Determine f(7).
2
Let n(x) = 10*x**2 + 386*x - 148. What is n(-39)?
8
Let b(f) = -f**2 + 10*f + 408. Calculate b(26).
-8
Let h(o) = -84*o + 114. Give h(-5).
534
Let w(f) = -f**3 - 10*f**2 - 13*f - 52. Give w(-8).
-76
Let n(v) = v**3 + 25*v**2 - 168*v - 101. Determine n(-31).
-659
Let b(q) = 40*q**3 - 7*q**2 + 3*q - 1. Calculate b(0).
-1
Let k(f) = 5*f**3 + 2*f**2 - 8*f + 18. Give k(2).
50
Let h(k) = -2*k - 357. What is h(-180)?
3
Let b(p) = -3*p**2 - 46*p - 42. Determine b(-1).
1
Let r(f) = -2*f**3 + 340*f**2 - 1662*f + 49. Determine r(5).
-11
Let x(t) = -t**3 - 87*t**2 - 173*t - 219. Give x(-85).
36
Let n(s) = -2*s**3 - 4*s**2 - 6*s + 21. Determine n(3).
-87
Let o(k) = -96*k + 1742. Calculate o(18).
14
Let t(s) = 2*s**3 + 6*s**2 - 2*s. Give t(-3).
6
Let a(i) = -4*i**2 - 10*i + 41. Give a(-5).
-9
Let p(k) = 18*k**2 + 3*k + 4. Give p(-2).
70
Let c(v) = 3*v**3 - 22*v**2 + 57*v - 237. Calculate c(6).
-39
Let c(u) = -u**2 + 21*u. Give c(2).
38
Let g(z) = 25*z + 997. What is g(-38)?
47
Let r(k) = -290*k + 32187. Calculate r(111).
-3
Let u(f) = 1300*f - 2617. What is u(2)?
-17
Let f(v) = 897*v - 14346. Determine f(16).
6
Let m(t) = t**3 - 2*t**2 + t - 48. Give m(0).
-48
Let r(h) = 11*h - 131. Determine r(-43).
-604
Let u(b) = -641*b - 4504. Give u(-7).
-17
Let t(c) = 49*c - 821. What is t(20)?
159
Let h(n) = -n**3 + 31*n**2 + 17*n + 1064. What is h(33)?
-553
Let t(n) = 3*n**3 - 315*n**2 + 311*n + 69. Give t(104).
-35
Let u(v) = -v + 87. What is u(20)?
67
Let t(v) = -31*v - 414. Calculate t(-15).
51
Let j(p) = -7*p**2 - 75*p + 52. Give j(-12).
-56
Let o(w) = -6*w**2 + 43*w + 24. What is o(9)?
-75
Let g(q) = -2*q**3 + 73*q**2 - 33*q - 100. What is g(36)?
8
Let j(b) = b**3 - 8*b**2 + b + 28. Determine j(3).
-14
Let c(l) = -5*l**3 - 33*l**2 + 164*l + 1059. Calculate c(-6).
-33
Let m(r) = -r**3 + 4*r**2 + 78*r - 15. Calculate m(11).
-4
Let q(s) = 20*s**3 - 62*s**2 - 2*s + 14. Determine q(3).
-10
Let c(h) = -350*h - 790. Give c(-2).
-90
Let u(g) = 2*g**3 + 11*g**2 + 17*g + 67. Determine u(-5).
7
Let i(l) = 154*l + 30. Calculate i(0).
30
Let m(s) = 27*s**2 + 60*s - 5. Determine m(-4).
187
Let g(h) = -12*h**2 - 78*h - 413. Calculate g(-5).
-323
Let i(f) = 19*f - 856. Calculate i(11).
-647
Let t(v) = 1197*v - 5701. What is t(5)?
284
Let k(y) = 4*y**2 - 40*y - 13. Determine k(-10).
787
Let s(r) = -3*r**2 + 41*r + 7. Give s(11).
95
Let o(b) = -8*b - 85. Give o(-10).
-5
Let p(h) = h**3 + 24*h**2 + 117*h - 15. Calculate p(-7).
-1
Let q(w) = w**2 - 233*w + 5359. What is q(26)?
-23
Let r(g) = 4*g**2 - 84*g - 81. Calculate r(22).
7
Let t(s) = 167*s**3 - 4*s**2 - 6*s - 2. Calculate t(-1).
-167
Let h(c) = c**3 + 68*c**2 + 134*c + 161. Calculate h(-66).
29
Let g(u) = -u**3 + 13*u**2 - u + 458. Give g(15).
-7
Let u(w) = 157*w - 202. What is u(1)?
-45
Let l(p) = 384*p + 74499. Calculate l(-194).
3
Let s(b) = -b**3 - 40*b**2 - 93*b - 652. Give s(-38).
-6
Let t(r) = -277*r - 9. What is t(-4)?
1099
Let a(s) = 10*s**2 + 191*s - 18. What is a(-19)?
-37
Let m(r) = -624*r - 9374. Calculate m(-15).
-14
Let v(p) = 22*p**2 - 384*p - 119. Calculate v(18).
97
Let r(i) = 4*i + 32. What is r(9)?
68
Let i(h) = h**3 - 7*h**2 - 29*h + 58. Calculate i(7).
-145
Let r(t) = -t**2 + 207*t + 5796. What is r(-25)?
-4
Let k(h) = -h**3 - 43*h**2 - 287*h - 242. Give k(-35).
3
Let a(u) = 2*u**2 + 39*u + 207. Calculate a(-11).
20
Let x(m) = -m**2 + 30*m + 10. Calculate x(14).
234
Let s(g) = -4*g**2 + 82*g - 191. Determine s(18).
-11
Let w(n) = 75*n**2 + n + 2. Determine w(-2).
300
Let m(k) = k**3 - 13*k**2 + 27*k - 176. Determine m(11).
-121
Let v(b) = -50*b**2 - 698*b + 27. Determine v(-14).
-1
Let y(v) = 72*v - 695. Calculate y(10).
25
Let m(d) = -11*d**3 + 26*d**2 + 29*d - 16. Determine m(3).
8
Let n(y) = 49*y - 87. Give n(-7).
-430
Let r(z) = -z**3 + 33*z**2 - 13*z + 411. Determine r(33).
-18
Let l(b) = 205*b - 486. Calculate l(3).
129
Let r(j) = -2*j**2 - 146*j + 1312. Give r(8).
16
Let t(f) = -f**2 + 106*f + 3208. Calculate t(-25).
-67
Let c(y) = -y**2 + 58*y - 477. Calculate c(22).
315
Let i(b) = -b**3 + 29*b - 68. Calculate i(3).
-8
Let h(g) = g**3 - 22*g**2 - 39*g - 201. Give h(24).
15
Let u(g) = -264*g - 489. Give u(-2).
39
Let f(v) = 313*v - 2502. Calculate f(8).
2
Let j(x) = 9*x**2 - 3*x + 9. Determine j(-2).
51
Let f(s) = -4*s**3 + 67*s**2 - 154*s - 8. Calculate f(14).
-8
Let r(a) = -a**2 - 24*a - 160. Determine r(-22).
-116
Let z(x) = x**2 + 102*x - 1790. What is z(18)?
370
Let c(u) = 2*u**3 + 7*u**2 - 33*u + 12. Give c(3).
30
Let c(o) = -o**3 - 193*o**2 + 9055*o + 1635. What is c(-232)?
11
Let k(n) = 82*n + 158. Determine k(-7).
-416
Let t(v) = -15*v**2 - 1223*v + 586. Determine t(-82).
12
Let t(o) = -141*o + 3932. Determine t(28).
-16
Let r(g) = 2*g**2 + 34*g + 184. What is r(-8)?
40
Let s(a) = 38*a**2 - 308*a - 3. Determine s(7).
-297
Let u(j) = -3*j**2 + 64*j + 32. Give u(22).
-12
Let f(b) = -50*b - 2118. Give f(-42).
-18
Let p(r) = -4*r**2 - 34*r - 105. What is p(-3)?
-39
Let s(o) = o**2 + 252*o + 3790. Calculate s(-16).
14
Let d(a) = -a**3 - a**2 - 4*a - 38. Determine d(-3).
-8
Let o(x) = 12*x + 39. Determine o(6).
111
Let z(g) = -9916*g + 19834. Give z(2).
2
Let k(o) = -3*o**2 - 473*o + 5211. Give k(-168).
3
Let v(w) = 18*w + 270. What is v(-13)?
36
Let d(r) = 2*r**2 - 140*r - 12. What is d(0)?
-12
Let d(j) = -65*j**3 + j**2 - 6*j + 5. Calculate d(1).
-65
Let l(n) = 58*n - 1569. Give l(37).
577
Let x(l) = -5*l - 50. Calculate x(-31).
105
Let y(q) = -q**2 + 32*q - 200. What is y(53)?
-1313
Let i(b) = 12*b**2 - 72*b + 3. What is i(7)?
87
Let a(s) = 5*s**2 - 26*s - 60. What is a(12)?
348
Let m(o) = 215*o - 2368. Determine m(11).
-3
Let l(k) = -56*k - 439. Calculate l(-16).
457
Let x(i) = 2*i**2 + 69*i - 299. Calculate x(4).
9
Let p(f) = -3450*f - 10349. Determine p(-3).
1
Let w(p) = -1107*p - 69747. What is w(-63)?
-6
Let g(a) = -4*a**2 + 43*a - 8. Determine g(7).
97
Let n(m) = 20*m**2 - 59*m - 60. Give n(-1).
19
Let o(i) = 331*i - 3904. De